er when 2401590 is divided by 129?
126
What is the remainder when 46659 is divided by 5830?
19
What is the remainder when 29597 is divided by 234?
113
What is the remainder when 163519 is divided by 14?
13
What is the remainder when 5254 is divided by 4626?
628
Calculate the remainder when 29941 is divided by 9979.
4
What is the remainder when 1457 is divided by 114?
89
Calculate the remainder when 2219 is divided by 222.
221
What is the remainder when 31148 is divided by 50?
48
What is the remainder when 14521 is divided by 25?
21
Calculate the remainder when 1594 is divided by 20.
14
Calculate the remainder when 1016173 is divided by 602.
599
Calculate the remainder when 1307967 is divided by 214.
213
What is the remainder when 36075 is divided by 18031?
13
Calculate the remainder when 5493 is divided by 894.
129
Calculate the remainder when 7770 is divided by 52.
22
What is the remainder when 53501 is divided by 608?
605
What is the remainder when 100592 is divided by 31?
28
Calculate the remainder when 283886 is divided by 64.
46
Calculate the remainder when 5087 is divided by 931.
432
Calculate the remainder when 14377 is divided by 494.
51
Calculate the remainder when 456938 is divided by 38.
26
What is the remainder when 89130 is divided by 1222?
1146
What is the remainder when 487254 is divided by 437?
436
Calculate the remainder when 34273 is divided by 373.
330
Calculate the remainder when 31409 is divided by 1652.
21
What is the remainder when 5065 is divided by 149?
148
Calculate the remainder when 7846 is divided by 111.
76
Calculate the remainder when 2576 is divided by 2533.
43
Calculate the remainder when 247468 is divided by 1889.
9
Calculate the remainder when 9892 is divided by 524.
460
What is the remainder when 839360 is divided by 514?
512
Calculate the remainder when 45809 is divided by 15207.
188
What is the remainder when 12519 is divided by 2304?
999
Calculate the remainder when 3565 is divided by 21.
16
Calculate the remainder when 191278 is divided by 76.
62
What is the remainder when 1513 is divided by 113?
44
Calculate the remainder when 8471 is divided by 1666.
141
What is the remainder when 3174 is divided by 77?
17
What is the remainder when 53597 is divided by 100?
97
Calculate the remainder when 5632 is divided by 154.
88
What is the remainder when 134851 is divided by 1550?
1
Calculate the remainder when 21590 is divided by 2398.
8
Calculate the remainder when 21912 is divided by 58.
46
Calculate the remainder when 318675 is divided by 106224.
3
What is the remainder when 18178 is divided by 8?
2
Calculate the remainder when 9525 is divided by 135.
75
Calculate the remainder when 161267 is divided by 534.
533
What is the remainder when 366 is divided by 324?
42
What is the remainder when 68254 is divided by 68231?
23
Calculate the remainder when 1634 is divided by 644.
346
Calculate the remainder when 176318 is divided by 551.
549
What is the remainder when 5471 is divided by 20?
11
What is the remainder when 444704 is divided by 22?
18
What is the remainder when 308431 is divided by 20?
11
What is the remainder when 21439 is divided by 32?
31
Calculate the remainder when 51727 is divided by 8607.
85
Calculate the remainder when 7471 is divided by 614.
103
What is the remainder when 2188 is divided by 995?
198
Calculate the remainder when 1973438 is divided by 1120.
1118
What is the remainder when 17302 is divided by 3453?
37
What is the remainder when 97494 is divided by 14?
12
What is the remainder when 201893 is divided by 627?
626
What is the remainder when 1064 is divided by 215?
204
Calculate the remainder when 43767 is divided by 376.
151
Calculate the remainder when 35736 is divided by 77.
8
Calculate the remainder when 8146 is divided by 899.
55
What is the remainder when 16369 is divided by 153?
151
Calculate the remainder when 64218 is divided by 24.
18
Calculate the remainder when 20461 is divided by 207.
175
What is the remainder when 11568 is divided by 543?
165
Calculate the remainder when 3417 is divided by 671.
62
What is the remainder when 6369 is divided by 496?
417
What is the remainder when 4652 is divided by 26?
24
Calculate the remainder when 103991 is divided by 25971.
107
Calculate the remainder when 4096133 is divided by 551.
550
Calculate the remainder when 25609 is divided by 674.
671
Calculate the remainder when 119554 is divided by 109.
90
What is the remainder when 9305 is divided by 372?
5
Calculate the remainder when 12384 is divided by 118.
112
Calculate the remainder when 245542 is divided by 122754.
34
Calculate the remainder when 26235 is divided by 205.
200
What is the remainder when 219889 is divided by 2893?
21
Calculate the remainder when 3319 is divided by 2890.
429
What is the remainder when 1234 is divided by 541?
152
What is the remainder when 146216 is divided by 76?
68
Calculate the remainder when 1111 is divided by 105.
61
What is the remainder when 49029 is divided by 36?
33
What is the remainder when 395514 is divided by 495?
9
Calculate the remainder when 13080 is divided by 84.
60
Calculate the remainder when 87159 is divided by 21.
9
Calculate the remainder when 15725 is divided by 84.
17
Calculate the remainder when 4252 is divided by 79.
65
Calculate the remainder when 103798 is divided by 43.
39
Calculate the remainder when 53989 is divided by 11.
1
What is the remainder when 103894 is divided by 312?
310
Calculate the remainder when 27183 is divided by 50.
33
What is the remainder when 24020 is divided by 1501?
4
Calculate the remainder when 43870 is divided by 4.
2
Calculate the remainder when 120730 is divided by 69.
49
What is the remainder when 94269 is divided by 13?
6
Calculate the remainder when 27137 is divided by 9042.
11
What is the remainder when 59580 is divided by 28?
24
What is the remainder when 13772 is divided by 574?
570
Calculate the remainder when 182649 is divided by 2502.
3
What is the remainder when 40012 is divided by 18?
16
Calculate the remainder when 309978 is divided by 10332.
18
What is the remainder when 474192 is divided by 19?
9
What is the remainder when 1819 is divided by 451?
15
Calculate the remainder when 415262 is divided by 22.
12
Calculate the remainder when 819 is divided by 340.
139
What is the remainder when 3636 is divided by 8?
4
Calculate the remainder when 13031 is divided by 6509.
13
What is the remainder when 68811 is divided by 17?
12
Calculate the remainder when 3817 is divided by 10.
7
Calculate the remainder when 46412 is divided by 19.
14
Calculate the remainder when 588179 is divided by 17.
13
Calculate the remainder when 78451 is divided by 296.
11
What is the remainder when 542 is divided by 91?
87
What is the remainder when 16755 is divided by 197?
10
Calculate the remainder when 1429 is divided by 452.
73
Calculate the remainder when 43513 is divided by 26.
15
Calculate the remainder when 24766 is divided by 42.
28
What is the remainder when 38856 is divided by 7771?
1
Calculate the remainder when 52256 is divided by 1935.
11
Calculate the remainder when 42653 is divided by 154.
149
What is the remainder when 22990 is divided by 973?
611
What is the remainder when 5801 is divided by 274?
47
What is the remainder when 7853 is divided by 1033?
622
Calculate the remainder when 4428 is divided by 4309.
119
What is the remainder when 25202 is divided by 137?
131
Calculate the remainder when 3519 is divided by 1759.
1
What is the remainder when 26693 is divided by 400?
293
What is the remainder when 5058 is divided by 85?
43
What is the remainder when 454245 is divided by 162?
159
What is the remainder when 251024 is divided by 969?
53
What is the remainder when 2981629 is divided by 16?
13
What is the remainder when 2487 is divided by 50?
37
What is the remainder when 680 is divided by 118?
90
Calculate the remainder when 609894 is divided by 143.
142
What is the remainder when 96861 is divided by 237?
165
Calculate the remainder when 25114 is divided by 170.
124
What is the remainder when 2908 is divided by 511?
353
What is the remainder when 5116 is divided by 189?
13
What is the remainder when 41221 is divided by 48?
37
Calculate the remainder when 9545 is divided by 527.
59
What is the rema